{"id":150157,"date":"2020-06-15T17:21:05","date_gmt":"2020-06-15T15:21:05","guid":{"rendered":"https:\/\/sitz.ch\/produkt\/aeris-numo-croix-de-pied\/"},"modified":"2020-06-15T17:21:05","modified_gmt":"2020-06-15T15:21:05","slug":"aeris-numo-croix-de-pied","status":"publish","type":"product","link":"https:\/\/sitz.ch\/fr\/produit\/aeris-numo-croix-de-pied\/","title":{"rendered":"Aeris Numo Croix de pied"},"content":{"rendered":"<p><strong>NUMO de aeris<\/strong><\/p>\n<p>Le Numo est disponible en plusieurs versions. Peu importe la version que vous choisissez, il offre un soutien optimal gr\u00e2ce \u00e0 sa forme unique et son mouvement. Le fauteuil s&rsquo;adapte parfaitement \u00e0 votre position, que ce soit pour \u00e9crire, lire, r\u00e9fl\u00e9chir ou manger.<\/p>\n<p>Le si\u00e8ge du Numo ainsi que le pi\u00e9tement conviennent aussi bien pour l&rsquo;int\u00e9rieur que pour l&rsquo;ext\u00e9rieur. Ainsi, vous avez le compagnon id\u00e9al au bureau, dans la cuisine, \u00e0 la table \u00e0 manger, ou sur la terrasse, le balcon et dans le jardin.<\/p>\n<p>En plus de la coque de si\u00e8ge ergonomique, un coussin d&rsquo;assise assorti est disponible. Harmonisant en couleur ou comme accent contrastant. Gr\u00e2ce \u00e0 un rev\u00eatement antid\u00e9rapant sur le dessous, il offre non seulement un confort de si\u00e8ge accru mais aussi une tenue optimale lors de l&rsquo;assise.<\/p>\n<p><strong>Garantie du fabricant<br \/>\n<\/strong>3 ans<\/p>\n","protected":false},"excerpt":{"rendered":"<p>NUMO de aeris Le Numo est disponible en plusieurs versions. Peu importe la version que vous choisissez, il offre un soutien optimal gr\u00e2ce \u00e0 sa forme unique et son mouvement. Le fauteuil s&rsquo;adapte parfaitement \u00e0 votre position, que ce soit pour \u00e9crire, lire, r\u00e9fl\u00e9chir ou manger. Le si\u00e8ge du Numo ainsi que le pi\u00e9tement conviennent [&hellip;]<\/p>\n","protected":false},"featured_media":140618,"comment_status":"open","ping_status":"closed","template":"","meta":{"_acf_changed":false},"pwb-brand":[84],"product_brand":[],"product_cat":[193,275,198],"product_tag":[],"class_list":{"0":"post-150157","1":"product","2":"type-product","3":"status-publish","4":"has-post-thumbnail","6":"pwb-brand-aeris","7":"product_cat-chaise-de-bureau-classique","8":"product_cat-chaises-pour-salle-a-manger-et-de-conference","9":"product_cat-tabourets","10":"tm-has-options","12":"first","13":"onbackorder","14":"taxable","15":"shipping-taxable","16":"purchasable","17":"product-type-variable","18":"has-default-attributes"},"acf":[],"brands":[{"id":84,"name":"Aeris","slug":"aeris"}],"_links":{"self":[{"href":"https:\/\/sitz.ch\/fr\/wp-json\/wp\/v2\/product\/150157","targetHints":{"allow":["GET"]}}],"collection":[{"href":"https:\/\/sitz.ch\/fr\/wp-json\/wp\/v2\/product"}],"about":[{"href":"https:\/\/sitz.ch\/fr\/wp-json\/wp\/v2\/types\/product"}],"replies":[{"embeddable":true,"href":"https:\/\/sitz.ch\/fr\/wp-json\/wp\/v2\/comments?post=150157"}],"version-history":[{"count":0,"href":"https:\/\/sitz.ch\/fr\/wp-json\/wp\/v2\/product\/150157\/revisions"}],"wp:featuredmedia":[{"embeddable":true,"href":"https:\/\/sitz.ch\/fr\/wp-json\/wp\/v2\/media\/140618"}],"wp:attachment":[{"href":"https:\/\/sitz.ch\/fr\/wp-json\/wp\/v2\/media?parent=150157"}],"wp:term":[{"taxonomy":"pwb-brand","embeddable":true,"href":"https:\/\/sitz.ch\/fr\/wp-json\/wp\/v2\/pwb-brand?post=150157"},{"taxonomy":"product_brand","embeddable":true,"href":"https:\/\/sitz.ch\/fr\/wp-json\/wp\/v2\/product_brand?post=150157"},{"taxonomy":"product_cat","embeddable":true,"href":"https:\/\/sitz.ch\/fr\/wp-json\/wp\/v2\/product_cat?post=150157"},{"taxonomy":"product_tag","embeddable":true,"href":"https:\/\/sitz.ch\/fr\/wp-json\/wp\/v2\/product_tag?post=150157"}],"curies":[{"name":"wp","href":"https:\/\/api.w.org\/{rel}","templated":true}]}}

<p><strong>NUMO de aeris</strong></p>
<p>Le Numo est disponible en plusieurs versions. Peu importe la version que vous choisissez, il offre un soutien optimal grâce à sa forme unique et son mouvement. Le fauteuil s&rsquo;adapte parfaitement à votre position, que ce soit pour écrire, lire, réfléchir ou manger.</p>
<p>Le siège du Numo ainsi que le piétement conviennent aussi bien pour l&rsquo;intérieur que pour l&rsquo;extérieur. Ainsi, vous avez le compagnon idéal au bureau, dans la cuisine, à la table à manger, ou sur la terrasse, le balcon et dans le jardin.</p>
<p>En plus de la coque de siège ergonomique, un coussin d&rsquo;assise assorti est disponible. Harmonisant en couleur ou comme accent contrastant. Grâce à un revêtement antidérapant sur le dessous, il offre non seulement un confort de siège accru mais aussi une tenue optimale lors de l&rsquo;assise.</p>
<p><strong>Garantie du fabricant<br />
</strong>3 ans</p>

<p>NUMO de aeris Le Numo est disponible en plusieurs versions. Peu importe la version que vous choisissez, il offre un soutien optimal grâce à sa forme unique et son mouvement. Le fauteuil s&rsquo;adapte parfaitement à votre position, que ce soit pour écrire, lire, réfléchir ou manger. Le siège du Numo ainsi que le piétement conviennent [&hellip;]</p>
