{"id":149501,"date":"2016-11-11T23:27:44","date_gmt":"2016-11-11T22:27:44","guid":{"rendered":"https:\/\/sitz.ch\/produkt\/varier-ekstrem\/"},"modified":"2025-06-02T18:21:18","modified_gmt":"2025-06-02T16:21:18","slug":"varier-ekstrem","status":"publish","type":"product","link":"https:\/\/sitz.ch\/it\/prodotto\/varier-ekstrem\/","title":{"rendered":"Varier Ekstrem"},"content":{"rendered":"<p>L&#8217;Ekstrem \u00e8 una sfida per l&#8217;immaginazione del sedersi &#8211; permette al corpo di trovare naturalmente la posizione che ritiene comoda. Incoraggia l&#8217;attivit\u00e0 e il gioco &#8211; e le sopporta entrambe. Tuttavia, l&#8217;Ekstrem non \u00e8 solo una sedia per bambini attivi e giovani. Il suo design offre al corpo il giusto supporto in tutte le posizioni. La \u00ablibert\u00e0 dal pavimento\u00bb rende facile alzarsi, rendendo cos\u00ec la sedia adatta a tutte le et\u00e0. Il rivestimento \u00e8 come una calza rimovibile e disponibile in diversi colori.<\/p>\n<p>Design: Terje Ekstr\u00f8m<\/p>\n<p>Dimensioni:<\/p>\n<p>Altezza 78 cm<\/p>\n<p>Larghezza 72 cm<\/p>\n<p>Profondit\u00e0 73 cm<\/p>\n<p>Altezza seduta 39 cm<\/p>\n<p>Termine di consegna circa 4-6 settimane lavorative<\/p>\n","protected":false},"excerpt":{"rendered":"<p>L&#8217;Ekstrem \u00e8 una sfida per l&#8217;immaginazione del sedersi &#8211; permette al corpo di trovare naturalmente la posizione che ritiene comoda. Incoraggia l&#8217;attivit\u00e0 e il gioco &#8211; e le sopporta entrambe. Tuttavia, l&#8217;Ekstrem non \u00e8 solo una sedia per bambini attivi e giovani. Il suo design offre al corpo il giusto supporto in tutte le posizioni. [&hellip;]<\/p>\n","protected":false},"featured_media":158014,"comment_status":"open","ping_status":"closed","template":"","meta":{"_acf_changed":false},"pwb-brand":[82],"product_brand":[],"product_cat":[308,311],"product_tag":[],"class_list":{"0":"post-149501","1":"product","2":"type-product","3":"status-publish","4":"has-post-thumbnail","6":"pwb-brand-varier","7":"product_cat-poltrone-relax","8":"product_cat-poltrone-relax-manuali","9":"tm-has-options","11":"first","12":"outofstock","13":"featured","14":"taxable","15":"shipping-taxable","16":"purchasable","17":"product-type-variable","18":"has-default-attributes"},"acf":[],"brands":[{"id":82,"name":"Varier","slug":"varier"}],"_links":{"self":[{"href":"https:\/\/sitz.ch\/it\/wp-json\/wp\/v2\/product\/149501","targetHints":{"allow":["GET"]}}],"collection":[{"href":"https:\/\/sitz.ch\/it\/wp-json\/wp\/v2\/product"}],"about":[{"href":"https:\/\/sitz.ch\/it\/wp-json\/wp\/v2\/types\/product"}],"replies":[{"embeddable":true,"href":"https:\/\/sitz.ch\/it\/wp-json\/wp\/v2\/comments?post=149501"}],"version-history":[{"count":1,"href":"https:\/\/sitz.ch\/it\/wp-json\/wp\/v2\/product\/149501\/revisions"}],"predecessor-version":[{"id":155436,"href":"https:\/\/sitz.ch\/it\/wp-json\/wp\/v2\/product\/149501\/revisions\/155436"}],"wp:featuredmedia":[{"embeddable":true,"href":"https:\/\/sitz.ch\/it\/wp-json\/wp\/v2\/media\/158014"}],"wp:attachment":[{"href":"https:\/\/sitz.ch\/it\/wp-json\/wp\/v2\/media?parent=149501"}],"wp:term":[{"taxonomy":"pwb-brand","embeddable":true,"href":"https:\/\/sitz.ch\/it\/wp-json\/wp\/v2\/pwb-brand?post=149501"},{"taxonomy":"product_brand","embeddable":true,"href":"https:\/\/sitz.ch\/it\/wp-json\/wp\/v2\/product_brand?post=149501"},{"taxonomy":"product_cat","embeddable":true,"href":"https:\/\/sitz.ch\/it\/wp-json\/wp\/v2\/product_cat?post=149501"},{"taxonomy":"product_tag","embeddable":true,"href":"https:\/\/sitz.ch\/it\/wp-json\/wp\/v2\/product_tag?post=149501"}],"curies":[{"name":"wp","href":"https:\/\/api.w.org\/{rel}","templated":true}]}}

<p>L&#8217;Ekstrem è una sfida per l&#8217;immaginazione del sedersi &#8211; permette al corpo di trovare naturalmente la posizione che ritiene comoda. Incoraggia l&#8217;attività e il gioco &#8211; e le sopporta entrambe. Tuttavia, l&#8217;Ekstrem non è solo una sedia per bambini attivi e giovani. Il suo design offre al corpo il giusto supporto in tutte le posizioni. La «libertà dal pavimento» rende facile alzarsi, rendendo così la sedia adatta a tutte le età. Il rivestimento è come una calza rimovibile e disponibile in diversi colori.</p>
<p>Design: Terje Ekstrøm</p>
<p>Dimensioni:</p>
<p>Altezza 78 cm</p>
<p>Larghezza 72 cm</p>
<p>Profondità 73 cm</p>
<p>Altezza seduta 39 cm</p>
<p>Termine di consegna circa 4-6 settimane lavorative</p>

<p>L&#8217;Ekstrem è una sfida per l&#8217;immaginazione del sedersi &#8211; permette al corpo di trovare naturalmente la posizione che ritiene comoda. Incoraggia l&#8217;attività e il gioco &#8211; e le sopporta entrambe. Tuttavia, l&#8217;Ekstrem non è solo una sedia per bambini attivi e giovani. Il suo design offre al corpo il giusto supporto in tutte le posizioni. [&hellip;]</p>
