{"id":149681,"date":"2016-11-12T00:06:20","date_gmt":"2016-11-11T23:06:20","guid":{"rendered":"https:\/\/sitz.ch\/produkt\/varier-multi-balans\/"},"modified":"2025-05-01T01:00:09","modified_gmt":"2025-04-30T23:00:09","slug":"varier-multi-balans","status":"publish","type":"product","link":"https:\/\/sitz.ch\/it\/prodotto\/varier-multi-balans\/","title":{"rendered":"Varier Multi Balans"},"content":{"rendered":"<p>Una sedia versatile con angolazione del sedile regolabile. La sedia pu\u00f2 essere utilizzata a tavoli alti o bassi. \u00c8 pieghevole e pu\u00f2 essere facilmente trasportata da una stanza all&#8217;altra.<\/p>\n<p>L&#8217;angolazione del sedile (distanza tra la parte superiore del corpo e le cosce) pu\u00f2 essere regolata da un angolo molto aperto a uno chiuso.<\/p>\n<p>Le posture di seduta con un angolo aperto naturale riducono lo stress sulla schiena e facilitano la respirazione. Cos\u00ec aumenta il benessere anche quando sei seduto. Si siede in modo naturale, permettendo alla colonna vertebrale di mantenere la stessa postura che si ha camminando o stando in piedi.<\/p>\n<p>Design: Peter Opsvik<\/p>\n<p>Struttura standard in legno di faggio naturale laccato<\/p>\n<p>Misure:<br \/>\nAltezza del sedile 42-63 cm<br \/>\nLarghezza 47 cm<\/p>\n<p>Tempi di consegna circa 4-6 settimane lavorative<\/p>\n","protected":false},"excerpt":{"rendered":"<p>Una sedia versatile con angolazione del sedile regolabile. La sedia pu\u00f2 essere utilizzata a tavoli alti o bassi. \u00c8 pieghevole e pu\u00f2 essere facilmente trasportata da una stanza all&#8217;altra. L&#8217;angolazione del sedile (distanza tra la parte superiore del corpo e le cosce) pu\u00f2 essere regolata da un angolo molto aperto a uno chiuso. Le posture [&hellip;]<\/p>\n","protected":false},"featured_media":195070,"comment_status":"open","ping_status":"closed","template":"","meta":{"_acf_changed":false},"pwb-brand":[82],"product_brand":[],"product_cat":[295,199,206],"product_tag":[],"class_list":{"0":"post-149681","1":"product","2":"type-product","3":"status-publish","4":"has-post-thumbnail","6":"pwb-brand-varier","7":"product_cat-sedia-inginocchiata","8":"product_cat-sgabelli","9":"product_cat-soluzioni-di-seduta-speciali","10":"pa_bezug-fibra-sintetica-beige-tonal-61180","11":"pa_bezug-fibra-sintetica-blu-tonal-66286","12":"pa_bezug-fibra-sintetica-fucsia-tonal-63153","13":"pa_bezug-fibra-sintetica-gialla-tonal-62156","14":"pa_bezug-fibra-sintetica-grigia-tonal-60123","15":"pa_bezug-fibra-sintetica-marrone-tonal-64211","16":"pa_bezug-fibra-sintetica-nera-tonal-60999","17":"pa_bezug-fibra-sintetica-rossa-tonal-64208","18":"pa_bezug-fibra-sintetica-verde-tonal-68206","19":"pa_bezug-fibra-sintetica-verde-chiaro-tonal-67089","20":"pa_bezug-lana-antracite-fiord-171","21":"pa_bezug-lana-arancione-divina-3-526","22":"pa_bezug-lana-arancione-melange-nap-321","23":"pa_bezug-lana-beige-hallingdal-65-220","24":"pa_bezug-lana-beige-vidar-4-0323","25":"pa_bezug-lana-blu-divina-melange-757","26":"pa_bezug-lana-blu-divina-3-756","27":"pa_bezug-lana-blu-hallingdal-65-750","28":"pa_bezug-lana-blu-vidar-4-0743","29":"pa_bezug-lana-bordeaux-divina-melange-677","30":"pa_bezug-lana-bordeaux-fiord-591","31":"pa_bezug-lana-fucsia-vidar-4-0622","32":"pa_bezug-lana-giallo-vidar-4-0443","33":"pa_bezug-lana-grigio-divina-melange-120","34":"pa_bezug-lana-grigio-fiord-121","35":"pa_bezug-lana-grigio-vidar-4-0913","36":"pa_bezug-lana-marrone-re-wool-568","37":"pa_bezug-lana-nero-divina-melange-180","38":"pa_bezug-lana-nero-hallingdal-65-180","39":"pa_bezug-lana-nero-re-wool-198","40":"pa_bezug-lana-rosa-antico-re-wool-648","41":"pa_bezug-lana-rosso-hallingdal-65-680","42":"pa_bezug-lana-rosso-vidar-4-0693","43":"pa_bezug-lana-verde-divina-melange-821","44":"pa_bezug-lana-verde-divina-3-922","45":"pa_bezug-lana-verde-re-wool-868","46":"pa_bezug-lana-verde-vidar-4-0932","47":"pa_bezug-vera-pelle-antracite-dunes-21003","48":"pa_bezug-vera-pelle-blu-noir-31326","49":"pa_bezug-vera-pelle-cammello-dunes-21004","50":"pa_bezug-vera-pelle-cognac-dunes-21000","51":"pa_bezug-vera-pelle-cognac-noir-31322","52":"pa_bezug-vera-pelle-grigia-dunes-21007","53":"pa_bezug-vera-pelle-marrone-scuro-dunes-21001","54":"pa_bezug-vera-pelle-naturale-noir-31323","55":"pa_bezug-vera-pelle-nera-noir-31330","56":"pa_bezug-vera-pelle-rossa-noir-31324","57":"pa_bezug-vera-pelle-ruggine-dunes-21002","58":"pa_bezug-vera-pelle-tabacco-noir-31328","59":"pa_bezug-vera-pelle-verde-dunes-21005","60":"pa_bezug-vera-pelle-verde-noir-31327","61":"tm-has-options","63":"first","64":"outofstock","65":"taxable","66":"shipping-taxable","67":"purchasable","68":"product-type-variable","69":"has-default-attributes"},"acf":[],"brands":[{"id":82,"name":"Varier","slug":"varier"}],"_links":{"self":[{"href":"https:\/\/sitz.ch\/it\/wp-json\/wp\/v2\/product\/149681","targetHints":{"allow":["GET"]}}],"collection":[{"href":"https:\/\/sitz.ch\/it\/wp-json\/wp\/v2\/product"}],"about":[{"href":"https:\/\/sitz.ch\/it\/wp-json\/wp\/v2\/types\/product"}],"replies":[{"embeddable":true,"href":"https:\/\/sitz.ch\/it\/wp-json\/wp\/v2\/comments?post=149681"}],"version-history":[{"count":0,"href":"https:\/\/sitz.ch\/it\/wp-json\/wp\/v2\/product\/149681\/revisions"}],"wp:featuredmedia":[{"embeddable":true,"href":"https:\/\/sitz.ch\/it\/wp-json\/wp\/v2\/media\/195070"}],"wp:attachment":[{"href":"https:\/\/sitz.ch\/it\/wp-json\/wp\/v2\/media?parent=149681"}],"wp:term":[{"taxonomy":"pwb-brand","embeddable":true,"href":"https:\/\/sitz.ch\/it\/wp-json\/wp\/v2\/pwb-brand?post=149681"},{"taxonomy":"product_brand","embeddable":true,"href":"https:\/\/sitz.ch\/it\/wp-json\/wp\/v2\/product_brand?post=149681"},{"taxonomy":"product_cat","embeddable":true,"href":"https:\/\/sitz.ch\/it\/wp-json\/wp\/v2\/product_cat?post=149681"},{"taxonomy":"product_tag","embeddable":true,"href":"https:\/\/sitz.ch\/it\/wp-json\/wp\/v2\/product_tag?post=149681"}],"curies":[{"name":"wp","href":"https:\/\/api.w.org\/{rel}","templated":true}]}}

<p>Una sedia versatile con angolazione del sedile regolabile. La sedia può essere utilizzata a tavoli alti o bassi. È pieghevole e può essere facilmente trasportata da una stanza all&#8217;altra.</p>
<p>L&#8217;angolazione del sedile (distanza tra la parte superiore del corpo e le cosce) può essere regolata da un angolo molto aperto a uno chiuso.</p>
<p>Le posture di seduta con un angolo aperto naturale riducono lo stress sulla schiena e facilitano la respirazione. Così aumenta il benessere anche quando sei seduto. Si siede in modo naturale, permettendo alla colonna vertebrale di mantenere la stessa postura che si ha camminando o stando in piedi.</p>
<p>Design: Peter Opsvik</p>
<p>Struttura standard in legno di faggio naturale laccato</p>
<p>Misure:<br />
Altezza del sedile 42-63 cm<br />
Larghezza 47 cm</p>
<p>Tempi di consegna circa 4-6 settimane lavorative</p>

<p>Una sedia versatile con angolazione del sedile regolabile. La sedia può essere utilizzata a tavoli alti o bassi. È pieghevole e può essere facilmente trasportata da una stanza all&#8217;altra. L&#8217;angolazione del sedile (distanza tra la parte superiore del corpo e le cosce) può essere regolata da un angolo molto aperto a uno chiuso. Le posture [&hellip;]</p>
